te the remainder when a is divided by s.
13
Suppose 4*g + 5*o = 56 - 152, -79 = 3*g + 2*o. Let w = -2 + -1. Calculate the remainder when (g/w)/(9/81) is divided by 22.
21
Suppose 8385 = -67*g + 110*g. What is the remainder when g is divided by 38?
5
Let q = -274 - -294. Calculate the remainder when 34 is divided by q.
14
Let p(q) = 31*q - 39. What is the remainder when p(9) is divided by 85?
70
Let d(g) = g**3 - 13*g**2 + g + 3. Suppose -3*w + 50 = -2*s, 2*w + 18 + 70 = -3*s. Let y = s + 41. What is the remainder when 29 is divided by d(y)?
13
Let k(f) = -f**3 - 5*f**2 - 1. Let y be k(-5). Let r = 7 + y. Suppose 9 = 5*p - 46. What is the remainder when p is divided by r?
5
Let c(w) = 10*w**3 - w**2 + 1. What is the remainder when c(1) is divided by (133/(-38))/(2/(-4))?
3
Let s = 60 + -134. Let n = s + 83. Calculate the remainder when 35 is divided by n.
8
Let l(g) = g - 5. Let b be l(-3). Calculate the remainder when ((-222)/b)/(9/24) is divided by 19.
17
Suppose -3*h = -4*h + 2, -5*h = 3*m + 38. Let p = m + 32. What is the remainder when 29 is divided by p?
13
Suppose -2*q + 7*q = 10. Suppose -129 = -5*i + 2*s, 0 = -3*s + 4*s + q. Suppose i = -5*r, 4*r + 28 + 42 = 2*h. Calculate the remainder when h is divided by 14.
11
Suppose -4*t = 4*f + 16, -4*t + 7 = -f + 28. What is the remainder when 1 - (-87*f + -2) is divided by 31?
28
Let f(w) = w**2 - 3*w - 1. Let d be f(3). Let i = 102 - 55. Calculate the remainder when i is divided by d*-2*(2 - -6).
15
What is the remainder when (-4804 + 55)/((-2)/4*3) is divided by 88?
86
Suppose 39*m + 2838 = 72*m. What is the remainder when m is divided by 21?
2
Let f(w) = -w**3 - 4*w**2 - w - 5. Suppose 33 - 5 = 4*m. What is the remainder when f(-5) is divided by m?
4
Suppose -3*f + 41 = 5*b, -4*f + 44 = -21*b + 25*b. Suppose -4*x + 2*x = -10, 5*x + 99 = 4*l. Let q = -20 + l. Calculate the remainder when q is divided by b.
3
Let x be 2/8 + ((-55)/(-20) - 1). Suppose -2*b - x*b = -20. What is the remainder when 14 is divided by b?
4
Let q(c) = c**2 + 5*c + 2. Let x be q(-7). Suppose -2*p + 4*p - x = 0. Let k = p + 19. What is the remainder when k is divided by 15?
12
Let c = -86 - -661. Calculate the remainder when c is divided by 34.
31
Let a = 328 - 311. What is the remainder when 91 is divided by a?
6
Suppose 5*r = -4*h + 268, -3*r = -4*h + 195 + 105. Let n = 191 - 113. Suppose h = 5*y + 4*c, n = 5*y - 0*y + c. Calculate the remainder when 62 is divided by y.
14
Let o = -106 - -56. Let y = o + 159. Calculate the remainder when y is divided by (-28)/(-8)*(-40)/(-5).
25
Let q = 39 - 72. What is the remainder when (1677/q)/(-1) - 6/(-33) is divided by 13?
12
Let i(o) = -o + 9. Let r be i(7). Suppose 24 = r*h + 2*n, 3*h - 5*h = n - 26. What is the remainder when h is divided by 8?
6
Suppose 2*l + 3 = -5*k, 23*l + 29 = 27*l + 3*k. Calculate the remainder when 295 is divided by l.
9
Let k(q) = 2*q - 14. Let h be k(8). Suppose -u + h = -0. Suppose -3*p - 3*s + 15 = -u*p, -p + s = -7. What is the remainder when 33 is divided by p?
6
Let o = -44 + 73. What is the remainder when 664 is divided by o?
26
Let f(b) be the second derivative of -b**5/20 - 5*b**4/12 + 11*b**3/6 + 9*b**2/2 + 9*b. What is the remainder when f(-7) is divided by 11?
8
Suppose 5*b + 2*o = 306, 2*o = -2*b - 0*o + 126. Let s(f) = f**3 + 5*f**2 + 2*f - 1. Calculate the remainder when b is divided by s(-2).
4
Let k(o) = 2*o + 30. What is the remainder when 44 is divided by k(-8)?
2
Suppose 3*c = 7*c. Suppose -17 = -3*j - c*y - 5*y, -j + y = 5. Calculate the remainder when (-28 + 5)/(j - 0) is divided by 6.
5
Let o(j) = -3*j + 3. Let p = 2 - -1. Suppose -4*b = 4*k - 0*k - 224, -56 = -b - p*k. Calculate the remainder when b is divided by o(-4).
11
Let w = 22 - 13. Let y = -1035 - -1069. Calculate the remainder when y is divided by w.
7
Calculate the remainder when ((-485)/20)/(2*(-3)/24) is divided by 9.
7
Let n(g) = g**2 - 6*g + 41. Let o be n(7). Suppose o = 7*d - d. What is the remainder when 22 is divided by d?
6
Let j = -418 - -486. Suppose -q - q + 61 = 5*g, 2*q + g = 49. Calculate the remainder when j is divided by q.
22
Let s(v) = 19*v - 2. Let n be -2 - (0/2 - 1). Let t = n + 3. Calculate the remainder when s(t) is divided by 13.
10
Let v = -28 + 41. Suppose 4*j = 2*b + 10, 13*b + 4 = 3*j + 8*b. Suppose -r + 13 = r + j*t, -2 = -2*t. Calculate the remainder when v is divided by r.
3
Let h(r) = -r**3 + 15*r**2 - 26*r + 9. Suppose -5*j - 27 = -4*w, 0 = 3*j - j - 10. Calculate the remainder when 17 is divided by h(w).
8
Suppose 92*w = 88*w + 24. Calculate the remainder when 201 is divided by w.
3
Suppose 2*p - 81 = -47. What is the remainder when 129 is divided by p?
10
Let c(u) = -61*u - 367. Suppose 167 = 2*r + 4*y + 55, -3*y - 195 = -3*r. Calculate the remainder when c(-10) is divided by r.
57
Let s = -67 + 73. Calculate the remainder when 10 is divided by s.
4
Let s(w) = w**3 + 23*w**2 + 22*w + 4. Let b be s(-22). Calculate the remainder when b + 2/(2/17) is divided by 8.
5
Let a(d) = 66*d - 244. Calculate the remainder when 153 is divided by a(4).
13
Suppose -7 - 3 = -2*s. Suppose -5*q + 10 = -3*c, 1 = 5*q - s*c - 9. Suppose 18 = 4*z - b, -6*z + z = -q*b - 21. What is the remainder when z is divided by 3?
2
Let u = 1749 + -996. Calculate the remainder when u is divided by 36.
33
Suppose -2*g + g = 0. Suppose -2*l + 3*i + 18 = g, -2*l - i + 0*i = -2. Let t(k) = 4*k + 5. What is the remainder when 33 is divided by t(l)?
16
Suppose 5*r = 5*q + 800, -2*r + 14*q - 16*q = -308. Calculate the remainder when r is divided by 79.
78
Suppose 0 = 2*r + 2*i - 22, 4*r - 43 - 9 = 4*i. What is the remainder when 141 is divided by r?
9
Suppose 6*j - 2625 = -75. Suppose -53*g = -48*g - j. Calculate the remainder when g is divided by 22.
19
Calculate the remainder when (9/(-5))/(60/(-6800)) is divided by 103.
101
Let l(x) = x**3 - 18*x**2 + 48*x - 2. What is the remainder when 52 is divided by l(3)?
3
Let c(w) = -2*w - 14 + 0*w - 6*w. Calculate the remainder when c(-12) is divided by 21.
19
Let s be (6/(-12))/((-2)/20). Suppose s*c = -3*h + 4, -4*h + 12 = c - 9*h. Let r = 8 - -3. Calculate the remainder when r is divided by c.
1
Let h(u) = -u**2 - 9*u - 6. Suppose -13*t + 328 = -9*t. What is the remainder when t is divided by h(-6)?
10
Let p(u) = 3*u**2 + 113*u + 152. What is the remainder when 1090 is divided by p(-37)?
76
Let j(h) = -5*h**3 - h**2 + 2. Let w(b) = 6*b - 2. What is the remainder when w(4) is divided by j(-1)?
4
Suppose -5*f + v + 242 = 0, 5*v + 0 + 83 = 2*f. Let x = -5 - -22. Calculate the remainder when f is divided by x.
15
Suppose 17 - 57 = -4*b. Calculate the remainder when 34 is divided by b.
4
Suppose -5*c + 1 = -4. Let r = 4 + c. Suppose 4*v - 55 = r. Calculate the remainder when 42 is divided by v.
12
Suppose -5*z = -14 + 4. Let b be ((-1 - z) + -2)*-1. What is the remainder when 46 is divided by (8/b)/((-2)/(-30))?
22
Let d = 121 + -123. What is the remainder when d*(-3)/6 + 16 is divided by 9?
8
Let a = 10 + -4. Calculate the remainder when -86*(5 - (-33)/(-6)) is divided by (-132)/(-9) + 2/a.
13
Suppose -2*v = -148 + 30. Let u = 20 + v. What is the remainder when u is divided by (-1)/4 + (-109)/(-4)?
25
Suppose 2*l + 196 = 4*r, -3*r - r + 196 = 3*l. Let t = -14 + 24. Calculate the remainder when r is divided by t.
9
What is the remainder when ((-32)/(-96))/(2/174 + 0) is divided by 12?
5
Suppose t - 590 = -9*t. What is the remainder when t is divided by 34?
25
Let c be (-140)/63 + 2/9. Let f be (39/(-6) - -3)*c. Let d(b) = 4*b - 18. Calculate the remainder when 28 is divided by d(f).
8
Suppose 6*m = 5*m + 11. Let p(v) = v**2 - 2*v. What is the remainder when p(m) is divided by 17?
14
Suppose 3*v - 4*x - 118 = 18, 3*x - 6 = 0. What is the remainder when (v/64)/((5/172)/5) is divided by 26?
25
Suppose a = -0*a + 58. Let t = 39 - 36. Suppose -2*d - t*s = -15, 9*d - 51 = 4*d - 3*s. What is the remainder when a is divided by d?
10
Let p(b) = -21*b + 15. Let j be p(3). Let h = j + 56. What is the remainder when 29 is divided by h?
5
What is the remainder when 137 is divided by 0*(-1)/3 - -47?
43
Let q = 6 + 1. Suppose -3*z + 2 - 8 = 2*s, 0 = 2*s - 2*z - 4. Suppose -f + q = -s*f. Calculate the remainder when 20 is divided by f.
6
Let